**2/2 + 5*c - 27. List the prime factors of b(-3).
83
Let x = -884 + 1535. List the prime factors of x.
3, 7, 31
Suppose -7*d + 5394 = -38. Suppose -3*i + d = -139. List the prime factors of i.
5, 61
Let s(z) = -z**3 - 10*z**2 - 10*z - 1. Let n be s(-9). Let g(c) = 6*c**2 - 16 - c**3 + 16 + 0*c**2 + 2*c + n. List the prime factors of g(6).
2, 5
Suppose 2*a - 64 - 134 = -5*i, 2*a - 202 = -3*i. List the prime factors of a.
2, 13
Suppose -15 - 35 = -5*g. What are the prime factors of (g/(-25))/(3/(-330))?
2, 11
Suppose -9*x + 14*x = 1900. List the prime factors of x.
2, 5, 19
Suppose -2*r + 178 + 18 = 0. What are the prime factors of r?
2, 7
Suppose 4*x - 1416 = -4*d, -2*x - 370 = -d + x. List the prime factors of d.
2, 179
Suppose 2*f - 4*y = 6422, 0 = f + y - 1192 - 2019. What are the prime factors of f?
13, 19
Let v be 2/11 + 5665/121. Suppose -2*b + w = -21, 2*b + 5 - 11 = 4*w. Let o = b + v. What are the prime factors of o?
2, 3, 5
Let o = -1220 + 2893. What are the prime factors of o?
7, 239
Let o(y) = 3*y**2 + 6*y - 9. Suppose 51*q = 53*q + 14. List the prime factors of o(q).
2, 3
Suppose 10*k - 611 = 9*k. What are the prime factors of k?
13, 47
Let s = 51 - 3. Let n be ((-16)/6)/((-4)/s). List the prime factors of n + (-1 + 3)*2.
2, 3
Let b = 114 - -184. What are the prime factors of b?
2, 149
Suppose 5*z - 24 = 51. Let k be 42/10 + (-3)/z. Suppose 10 = i - k. What are the prime factors of i?
2, 7
Let c(a) = -a**3 + 2*a**2 - a. Let g be c(2). Let b be -1 + (35 - 3) + g. Suppose -f - b = -6*f - 3*z, 0 = 3*z - 9. List the prime factors of f.
2
Let t(x) be the first derivative of 11/2*x**2 + 3 - 11*x. What are the prime factors of t(5)?
2, 11
Let v = 8 - 3. Suppose v*u = 2*h + 8 + 2, 0 = -4*h - u + 2. Suppose r = -h*r + 13. What are the prime factors of r?
13
Let p = 19 + -14. Suppose p*u + u = 510. List the prime factors of u.
5, 17
Let f(k) = -257*k - 7. Let m(r) = -1286*r - 36. Let l(i) = -11*f(i) + 2*m(i). Let x be l(-3). What are the prime factors of 4/(-14) - x/14?
2, 3
Let h be ((-60)/21)/((-2)/7). Suppose 3*a = 23 + h. Suppose a - 1 = 5*b. List the prime factors of b.
2
Let g = -5 + 9. Suppose 10*z - 5*z - 22 = -g*i, -5*i + 11 = -2*z. Suppose 0 = -i*k + 28 + 17. What are the prime factors of k?
3, 5
Let u(d) = -d**3 - 6*d**2 - 2*d - 9. Let s be u(-6). Suppose -3*g + 0*g = 3. What are the prime factors of 36*s/(g - -7)?
2, 3
Suppose 0 = -5*o + 571 + 939. What are the prime factors of o?
2, 151
Let u be (1 + 5)/(3/(-4)). List the prime factors of u*-2*1/2 + 0.
2
Let q be 2/(-5) - 14/(-35). Suppose 5*w + 2*s + 2*s - 405 = q, s - 159 = -2*w. List the prime factors of w.
7, 11
Let m be (-75)/125 - 23/(-5). Suppose 243 = v + m*f, -4*v - 417 + 1465 = -3*f. What are the prime factors of v?
7, 37
Let c(r) = -r**3 + 23*r**2 - 7*r + 48. List the prime factors of c(21).
3, 29
Let m(g) = -3*g**2 - 6*g**2 - 3*g - 8*g**2 - 2 + 18*g**2. What are the prime factors of m(-1)?
2
Suppose 0 = 3*r - 6*r - 6. List the prime factors of (-321 - 5)*r*(-2)/(-8).
163
Suppose -7*k + 1894 = -2215. List the prime factors of k.
587
Let m be 42/8 + (-3)/(-4). Suppose -m*x = -x - 670. List the prime factors of x.
2, 67
Let b(p) = -p**3 - 7*p**2 - 3*p + 2. Let l be b(-6). Let i be (-1)/(-2)*27*2. Let v = i + l. What are the prime factors of v?
11
Suppose -1 - 17 = 6*u. List the prime factors of (-5)/(u + (-132)/(-45)).
3, 5
Let l = -50 + 34. Let q be (l/12)/(-2)*3. Suppose -q*h - 43 = -139. What are the prime factors of h?
2, 3
Let p(k) = 6*k**2 + 9*k + 22. What are the prime factors of p(-13)?
919
Let o be 4 + (-10)/(-15)*-6. Suppose -3*p + 5*c + 971 = o, 0 = -2*p + p + 2*c + 324. List the prime factors of p.
2, 7, 23
Suppose w = -290 - 310. List the prime factors of w/(-2 + -3) + -2.
2, 59
Suppose -1275 = -4*a - a. Suppose 8*l + a = 9*l. Let r = -177 + l. List the prime factors of r.
2, 3, 13
Let f be ((-4)/(-20))/(3/75). Suppose 128 + 282 = f*t. List the prime factors of t.
2, 41
Let z(p) = p**3 + 6*p**2 + 3*p + 1. Let g be z(-5). Let w = g + 16. Suppose -2*c = 5*l - 126, -2*l - 2*c + 27 = -w. List the prime factors of l.
2, 3
Let b = 518 - 63. List the prime factors of b.
5, 7, 13
Suppose 10 = 2*b + 6. Suppose -8*d + 3*d = b*i - 655, -3*d = 5*i - 412. List the prime factors of d.
3, 43
Suppose -3 + 8 = t. Suppose -f + t = -0*f. Suppose -2*b = -7*b + 2*y + 119, y - 113 = -f*b. What are the prime factors of b?
23
Suppose -4*c + f + 3136 = -0*c, 5*c + 4*f = 3899. Suppose -c + 43 = -4*r. Suppose -8*m = -3*m - r. List the prime factors of m.
37
Let k = -50 + 53. List the prime factors of (12 + k)/(4/8).
2, 3, 5
Let q(i) = 8*i**3 + 4*i**2 - 9*i**3 + 0*i**2 - 2 + i + 0. Let o be q(3). Suppose -r = o - 46. What are the prime factors of r?
2, 3
Let k = -1828 + 5532. List the prime factors of k.
2, 463
List the prime factors of -4 + 25/(50/3944).
2, 3, 41
Suppose -4*m = -2*y - 250 + 1092, m = 1. List the prime factors of y.
3, 47
Suppose -4*k = 2*z - 508, -6*z - 5*k + 506 = -4*z. What are the prime factors of z?
2, 3, 43
Suppose 4*j - 2188 = 5*m, 5*j - 5*m - 2714 = -4*m. List the prime factors of 1/2*(j + 4).
3, 7, 13
Let y(o) = -4*o - 3 + 5*o + 2*o. Let f be y(7). Suppose -2*w = -w - f. What are the prime factors of w?
2, 3
Suppose 0*m + 3*m + 6 = 0. List the prime factors of m/10 - 2193/(-15).
2, 73
Let u(i) = 4*i + 4. Let r be u(3). Suppose 7*v = 3*v + r. Suppose 5*g - 5*j - 15 = 0, -3*g + v*g + j = 11. List the prime factors of g.
7
Let j(h) = -6 - h + 3*h - 3*h. Let i be j(0). Let s(z) = -z**2 - 7*z - 3. What are the prime factors of s(i)?
3
Suppose -3*c - 5*v + 2469 + 4667 = 0, v + 11884 = 5*c. What are the prime factors of c?
2377
Suppose 5*k = -6 + 21. Suppose -h + 96 = k*u, -u - 3*h = -8*h - 48. What are the prime factors of u?
3, 11
Suppose -3*p = -7*p + 4. Let q = 22 + -16. Let r = q - p. List the prime factors of r.
5
Suppose -2*c = 5*b - 7*c - 125, 0 = -4*b + 5*c + 101. Suppose 12 - b = -2*h. What are the prime factors of h?
2, 3
Let x = -696 + 1435. List the prime factors of x.
739
Let j(t) = 2*t**2 + 47*t + 68. Let g be j(-22). Let m be -210*(-2 - (1 - 2)). Suppose 7*b - m = g*b. What are the prime factors of b?
2, 3, 7
Suppose 5*k + 0*k - 5 = 0. Let p = 137 + -96. Let i = k + p. What are the prime factors of i?
2, 3, 7
Let m = -4 + 21. Let z = 105 - m. What are the prime factors of z?
2, 11
Let s be (-15)/(-20)*(0 - -4). Suppose -4*i + k = 2*k - 2, -s*k = -6. Suppose -5*r + 197 - 12 = i. List the prime factors of r.
37
Let p = -16 - -16. Suppose -11 = -3*d - 5*l, p = 2*d + l - 8 - 11. List the prime factors of (-3)/(-2)*152/d.
19
Let a be (-2)/(0/3 - 1). Suppose 4*k - 30 + a = 0. Suppose -p + 5*n = -0*p - k, -p - 5*n = -27. List the prime factors of p.
17
Suppose -5 = -z - 2. Suppose 108 = z*b + b. Suppose 0 = s - 5*q - 18, q = 4*s - 4*q - b. What are the prime factors of s?
3
Let c be (-3)/(3*(-1)/51). Let v be c/(-7) - 8/(-28). Let r(d) = d**2 + 2*d - 2. What are the prime factors of r(v)?
3, 11
List the prime factors of (5/3)/((-1216)/(-1212) + -1).
5, 101
Let u be (-15)/(-1) + (0 - 0). Let p be 1525/u - 4/6. Suppose l + h = 5*l - 121, -4*l = 3*h - p. List the prime factors of l.
29
Let j be (-61)/(-5) + (6/(-15))/2. List the prime factors of (-92)/(-3)*(-4)/((-32)/j).
2, 23
Suppose -3*c - 60 = -0*c. Let o = 45 - 23. Let q = c + o. List the prime factors of q.
2
Let h(u) = -3*u**2 - 8*u - 12. Let s(i) = 3*i**2 + 7*i + 11. Let l(b) = 3*h(b) + 4*s(b). What are the prime factors of l(-7)?
127
Suppose 0 = -5*h + 4*o - 80, -40 = -5*h + 6*h + 4*o. List the prime factors of ((-3072)/h - -2) + 4/10.
2, 3, 13
Let k(r) be the first derivative of r**2/2 + 22*r - 17. What are the prime factors of k(-13)?
3
Let o = 1973 + -378. What are the prime factors of o?
5, 11, 29
Let w = -247 + 438. Let o = w - 127. List the prime factors of o.
2
List the prime factors of (-1 - -377) + -3 + (2 - 3).
2, 3, 31
Let n be 4 + 3 + 8/2. Suppose -60 = -8*h + n*h. Let o = -14 - h. What are the prime factors of o?
2, 3
Suppose 4*g + 11 - 19 = 0. Suppose -g*t = t. Suppose 4*q + 38 - 186 = t. List the prime factors of q.
37
Let f(q) = -16*q**3 + 2*q - 5. Let n be f(-3). Suppose -6*w + 461 = -n. What are the prime factors of w?
3, 7
Let g(q) = q**3 - 3*q**2 - 3*q + 2. Let t be g(5). Let